+ 60. Let t be k(5). Calculate the greatest common divisor of t and 40.
10
Suppose g = -j + 389, -123 = 5*j + 4*g - 2066. Calculate the highest common divisor of 43 and j.
43
Let m(q) = -15*q. Let w be m(-1). Let a be 2*((-2)/13 + 2985/390). Calculate the greatest common divisor of w and a.
15
Suppose 3*v = -9, 5*v = -2*z - 3 - 6. Suppose 3 + 18 = z*g. Let s be 2/(-5) - 1136/(-40). What is the greatest common divisor of g and s?
7
Let y be 2/((33/(-162))/(-11)). Suppose 42 = p - 2*q, 0 = -4*p + 5*q - q + 156. What is the highest common factor of y and p?
36
Suppose 0 = -353*m + 352*m + 34. Let f(h) = h**3 + 10*h**2 + 5*h - 2. Let u be f(-9). What is the greatest common factor of u and m?
34
Let i = 405 - 393. Calculate the greatest common divisor of i and 30.
6
Let o(w) = w**3 + 9*w**2 - 16*w + 6. Let n be o(-8). Calculate the greatest common divisor of n and 22.
22
Let d = 3 - -8. Let z = d + 33. Calculate the highest common factor of z and 4.
4
Let x(q) = 66*q - 42. Let o be x(5). What is the greatest common divisor of o and 36?
36
Suppose -144 = -17*j + 77. Calculate the greatest common divisor of 949 and j.
13
Let t = 37 - 22. Let u be 12 + 10/t*(-3 + 0). What is the greatest common factor of 10 and u?
10
Suppose n + 0*n = s + 60, -5*s = 2*n - 155. Let p be ((-8)/7)/(-4) + 356/28. What is the highest common divisor of n and p?
13
Let o be ((-570)/(-45))/((-4)/(-6)). Suppose -o*z + 24*z = 60. What is the highest common factor of 6 and z?
6
Let f be 36/30*(21 + -5 - -4). Calculate the highest common divisor of f and 12.
12
Let v = 154 - 37. Calculate the greatest common factor of 9 and v.
9
Suppose 4*h + 222 = 5*w + 2*h, -3*w + h + 133 = 0. Suppose 0*z + 3*z - 33 = 0. Calculate the highest common divisor of w and z.
11
Let k be (1904/(-140))/((-2)/5). What is the highest common factor of 119 and k?
17
Suppose -660*w = -678*w + 594. What is the highest common factor of 1419 and w?
33
Suppose s = -2*c - 0*s + 182, 2*c - 162 = 4*s. Let a = -73 + c. What is the highest common factor of a and 112?
16
Let i = -495 + 544. What is the highest common divisor of 1323 and i?
49
Suppose 0 = 3*h + 2*h - 10. Let a be h/8 + 175/4. Suppose u = -2*u + 33. What is the greatest common divisor of a and u?
11
Let x = -2 + 0. Let h = 21 + x. Calculate the highest common divisor of h and 95.
19
Let y be 1*3 + 7/4*4. Calculate the highest common divisor of y and 40.
10
Let c(f) = f**3 - f**2 + 7*f - 6. Let t be c(3). What is the greatest common divisor of t and 66?
33
Let q = 809 + -680. What is the greatest common divisor of 86 and q?
43
Suppose 4*z = z - 2*f + 22, -4*f + 36 = 4*z. Suppose -z*o + 123 = 5*y, y + 61 = 2*o + 4*y. What is the greatest common factor of o and 48?
16
Let f = 404 + -341. Calculate the highest common factor of 42 and f.
21
Let y(u) = u**3 + 6*u**2 + 7*u + 6. Let g be y(-4). Suppose -8*o = -5*o - 120. Suppose -9*s + 8*s + o = 0. Calculate the greatest common factor of g and s.
10
Let w be 1 - -1 - (-92 - -43). What is the greatest common divisor of 3 and w?
3
Let o(g) = 6*g**2 + 3*g + 6. Let v be o(-3). Suppose -2*f + 8 = 0, -i + v - 15 = 3*f. Calculate the highest common divisor of 8 and i.
8
Let f(s) = 4*s**3 - 2*s**2 + 67*s + 58*s - 120*s - 5. Let z be f(2). Calculate the highest common factor of 261 and z.
29
Let j be 0 - 1*(-62 + -3). Calculate the greatest common factor of j and 5.
5
Let s(k) = k - 6 + 0*k - 4. Let d be s(12). Let n be 11 - (-1 - (0 + d)). What is the greatest common divisor of 21 and n?
7
Let d = 482 + -392. Suppose -17 = -2*z + 3. Calculate the highest common factor of z and d.
10
Suppose -22 = -11*b + 6*b + 2*l, 2*l = -3*b + 10. Calculate the greatest common divisor of b and 364.
4
Let j = 344 - 200. What is the greatest common factor of 72 and j?
72
Suppose -250 = -46*z + 41*z. What is the highest common divisor of z and 70?
10
Suppose -v + 10 = 2*r, 2*r - 5 = r - 3*v. Suppose 0 = -z, -3*i = -0*z + r*z - 24. Let c be 10 + 5*i/20. What is the greatest common divisor of c and 108?
12
Suppose -3*o = -4*o - 1. Let p be (2 - o) + 1 + 359. What is the highest common factor of p and 33?
33
Suppose -100*p = -106*p + 390. What is the highest common factor of p and 26?
13
Suppose -x - 5*t + 73 = 0, -t - 3*t + 75 = x. Calculate the highest common factor of 1577 and x.
83
Let g(m) = m**2 - 24*m - 16. Let k be g(21). Let c be k/(-2) + (-7)/(-14). Calculate the greatest common factor of 160 and c.
40
Let o be 3/(-1) + 7 + -12. Let g be (-1883)/(-35) + o/10. Suppose a - 137 = -g. What is the greatest common divisor of 12 and a?
12
Let y = 332 + -310. Calculate the greatest common factor of 99 and y.
11
Let c(r) = -9*r**3 + 4*r**2 - 3*r - 3. Let a be c(2). Let y be (-3809)/a + (-3)/5. What is the highest common divisor of 87 and y?
29
Let r(a) = 0*a**3 + 16 + 9*a + a**2 - 2*a**3 + 3*a**3 + 9*a**2. Let t be r(-9). What is the greatest common factor of t and 16?
16
Let o be -33 + (0 + -1 - -1). Suppose 5*c - g = -464 + 144, 2*g = 3*c + 199. Let t = o - c. Calculate the greatest common divisor of t and 10.
10
Let m be 2/1 + 0 + 1. Let k be -2*(4 + (430/(-20) - -4)). What is the highest common divisor of k and m?
3
Let v = -4 + 27. Suppose -7 = 4*q - v. Let t be q + -8 - (-8 - 2). Calculate the greatest common factor of 6 and t.
6
Let s(z) = -z**3 + 12*z**2 - 8*z + 11. Let x be s(11). Suppose 4*n = 980 + x. Calculate the highest common divisor of 16 and n.
16
Suppose -5*y = -8*y, 54 = s - 4*y. What is the greatest common factor of 702 and s?
54
Let o = 15 + -7. Let r be 1 + -3 + 10/2. Suppose r*g - 1 - 2 = -4*p, 2*p = 3*g - 3. What is the greatest common divisor of g and o?
1
Let i = 483 + -333. Let g be i/4*96/60. Calculate the greatest common factor of g and 40.
20
Suppose -2*t = 8, -t = 3*y - 2533 - 4735. Calculate the highest common factor of 12 and y.
12
Let k(g) be the first derivative of -21*g**2/2 + 2*g + 3. Let q be k(-2). Let n = 9 + 13. Calculate the highest common divisor of n and q.
22
Let s = 10152 + -10072. Let a(m) = m**2 - 4*m + 4. Let h be a(6). What is the greatest common factor of s and h?
16
Let g(n) = -n**3 + 10*n**2 - n + 11. Let k be g(9). Let l = k - 57. Let b be (l/(-13))/(2/(-11)). What is the greatest common divisor of b and 11?
11
Suppose g + f = -0*g + 7, -3*g - 2*f = -18. Suppose p - 133 = -b + 3*b, 567 = g*p - b. Calculate the greatest common divisor of p and 13.
13
Let v be 4/6 - 12/((-36)/55). Calculate the highest common divisor of v and 76.
19
Let t(d) = 25*d + d**3 + 4 - 8*d**2 - 25*d. Let x be t(8). What is the greatest common factor of 32 and x?
4
Let f = 6 - -2. Let v be (-1820)/f + 4/8. Let q = 332 + v. Calculate the greatest common divisor of q and 15.
15
Suppose 0 = 4*x - 4*c - 17316, -4*x + 2*c = 4*c - 17334. Calculate the greatest common divisor of 114 and x.
114
Let u be -159*12/(-8)*12/9. What is the greatest common factor of u and 795?
159
Suppose 25 = 5*v, 13*v - 17*v = m - 50. What is the highest common factor of m and 30?
30
Let z(t) = t**2 - 7*t - 11. Let s be z(9). Let x = 32 - s. Let g be 1/((-12)/15 + 1). Calculate the greatest common divisor of x and g.
5
Let q(r) = -r - 8. Let z(n) = 7. Let k(l) = -2*q(l) - 3*z(l). Let d be k(5). Suppose -7 = -d*t + 38. Calculate the greatest common divisor of 1 and t.
1
Suppose 3*r - 272 = -2*x, -5*r + 5*x + 470 = -0*x. Suppose r = 5*l - l. Let n = 27 - l. What is the greatest common factor of n and 12?
4
Let x = 876 - 832. Calculate the highest common divisor of 1232 and x.
44
Let o(r) = r**3 + 13*r**2 - 2*r - 19. Let n be (2 - 3 - -2)/(1/(-13)). Let p be o(n). Calculate the greatest common factor of 14 and p.
7
Let m(y) = y - 1. Let a be m(4). Suppose 0 = a*g + g + 32. Let n be (g/(-6))/(8/108). What is the greatest common factor of 12 and n?
6
Let l = -21 + -4. Let a be (-10)/l - 8*(-87)/10. Calculate the greatest common factor of a and 35.
35
Suppose u = -4*u + 330. Suppose 0 = -8*m + 7*m - 3. Let t = m + 9. Calculate the highest common factor of t and u.
6
Suppose -5*y + 2*k = 140 - 895, -2*k = -10. Calculate the greatest common divisor of 27 and y.
9
Let m be (-10)/4 + 3/6. Let p be 104 - m*(6 + -4). Calculate the highest common factor of 36 and p.
36
Suppose 272 = 3*t - 223. Calculate the highest common divisor of 11 and t.
11
Let 